{"id":29,"date":"2021-06-09T23:01:29","date_gmt":"2021-06-09T21:01:29","guid":{"rendered":"https:\/\/www.azavocats.com\/?page_id=29"},"modified":"2021-06-09T23:01:29","modified_gmt":"2021-06-09T21:01:29","slug":"droit-penal-du-travail","status":"publish","type":"page","link":"https:\/\/www.azavocats.com\/?page_id=29","title":{"rendered":"Droit p\u00e9nal du travail"},"content":{"rendered":"<ul style=\"list-style-type: square;\">\n<li>Travail dissimul\u00e9<\/li>\n<li>Pr\u00eat de main-d\u2019\u0153uvre illicite<\/li>\n<li>Marchandage de main-d\u2019\u0153uvre<\/li>\n<li>Discrimination au retour du cong\u00e9 maternit\u00e9, discrimination syndicale, discrimination raciale, discrimination religieuse, discrimination hommes femmes<\/li>\n<li>Harc\u00e8lement moral, harc\u00e8lement sexuel<\/li>\n<li>Hygi\u00e8ne, s\u00e9curit\u00e9, conditions de travail<\/li>\n<\/ul>\n<p>&nbsp;<\/p>\n<div id=\"sconnect-is-installed\" style=\"display: none;\"><\/div>\n","protected":false},"excerpt":{"rendered":"<p>Travail dissimul\u00e9 Pr\u00eat de main-d\u2019\u0153uvre illicite Marchandage de main-d\u2019\u0153uvre Discrimination au retour du cong\u00e9 maternit\u00e9, discrimination syndicale, discrimination raciale, discrimination religieuse, discrimination hommes femmes Harc\u00e8lement moral, harc\u00e8lement sexuel Hygi\u00e8ne, s\u00e9curit\u00e9, conditions de travail &nbsp;<\/p>\n","protected":false},"author":1,"featured_media":0,"parent":0,"menu_order":0,"comment_status":"closed","ping_status":"closed","template":"","meta":{"footnotes":""},"class_list":["post-29","page","type-page","status-publish","hentry"],"_links":{"self":[{"href":"https:\/\/www.azavocats.com\/index.php?rest_route=\/wp\/v2\/pages\/29","targetHints":{"allow":["GET"]}}],"collection":[{"href":"https:\/\/www.azavocats.com\/index.php?rest_route=\/wp\/v2\/pages"}],"about":[{"href":"https:\/\/www.azavocats.com\/index.php?rest_route=\/wp\/v2\/types\/page"}],"author":[{"embeddable":true,"href":"https:\/\/www.azavocats.com\/index.php?rest_route=\/wp\/v2\/users\/1"}],"replies":[{"embeddable":true,"href":"https:\/\/www.azavocats.com\/index.php?rest_route=%2Fwp%2Fv2%2Fcomments&post=29"}],"version-history":[{"count":1,"href":"https:\/\/www.azavocats.com\/index.php?rest_route=\/wp\/v2\/pages\/29\/revisions"}],"predecessor-version":[{"id":31,"href":"https:\/\/www.azavocats.com\/index.php?rest_route=\/wp\/v2\/pages\/29\/revisions\/31"}],"wp:attachment":[{"href":"https:\/\/www.azavocats.com\/index.php?rest_route=%2Fwp%2Fv2%2Fmedia&parent=29"}],"curies":[{"name":"wp","href":"https:\/\/api.w.org\/{rel}","templated":true}]}}